{"id":432,"date":"2022-01-22T09:48:30","date_gmt":"2022-01-22T08:48:30","guid":{"rendered":"https:\/\/www.verdeil.ch\/rovereaz\/?page_id=432"},"modified":"2022-08-07T12:13:06","modified_gmt":"2022-08-07T11:13:06","slug":"notre-ecole","status":"publish","type":"page","link":"https:\/\/www.verdeil.ch\/rovereaz\/notre-ecole\/","title":{"rendered":"SORRY GRETA &#8211; spectacle de danse"},"content":{"rendered":"\n<blockquote>\n<p>\u00ab\u00a0Danser est le fin mot de vivre et c&rsquo;est par danser aussi soi-m\u00eame que l&rsquo;on peut seulement connaitre quoi que ce soi : Il faut s&rsquo;approcher en dansant\u00a0\u00bb<\/p>\n<p>Jean Dubuffet<\/p>\n<\/blockquote>\n\n\n\n<p>Quand la joie et la gr\u00e2ce des enfants rencontrent le monde f\u00e9\u00e9rique de Cisco Aznar, cela devient : SORRY GRETA. Le spectacle magique et lumineux des \u00e9l\u00e8ves de l&rsquo;\u00e9cole de Rov\u00e9r\u00e9az.<\/p>\n<p>Retrouvez toutes les photos de Marion Correvon sur le blog <a href=\"https:\/\/www.verdeil.ch\/rovereaz\/blog-nos-grands-projets\/\">Nos grands projets<\/a>. Ainsi que le magnifique film qui faisait partie du spectacle.<\/p>\n\n\n\n<div class=\"wp-block-group\"><div class=\"wp-block-group__inner-container is-layout-flow wp-block-group-is-layout-flow\">\n<div class=\"wp-block-columns is-layout-flex wp-container-core-columns-is-layout-28f84493 wp-block-columns-is-layout-flex\">\n<div class=\"wp-block-column is-layout-flow wp-block-column-is-layout-flow\" style=\"flex-basis:100%\">\n<figure class=\"wp-block-gallery has-nested-images columns-default is-cropped wp-block-gallery-1 is-layout-flex wp-block-gallery-is-layout-flex\">\n<figure class=\"wp-block-image size-large is-style-default\"><a href=\"https:\/\/www.verdeil.ch\/rovereaz\/wp-content\/uploads\/2022\/07\/Verdeil-92-scaled.jpg\"><img fetchpriority=\"high\" decoding=\"async\" width=\"1024\" height=\"683\" data-id=\"936\" src=\"https:\/\/www.verdeil.ch\/rovereaz\/wp-content\/uploads\/2022\/07\/Verdeil-92-1024x683.jpg\" alt=\"\" class=\"wp-image-936\" srcset=\"https:\/\/www.verdeil.ch\/rovereaz\/wp-content\/uploads\/2022\/07\/Verdeil-92-1024x683.jpg 1024w, https:\/\/www.verdeil.ch\/rovereaz\/wp-content\/uploads\/2022\/07\/Verdeil-92-300x200.jpg 300w, https:\/\/www.verdeil.ch\/rovereaz\/wp-content\/uploads\/2022\/07\/Verdeil-92-768x512.jpg 768w, https:\/\/www.verdeil.ch\/rovereaz\/wp-content\/uploads\/2022\/07\/Verdeil-92-1536x1024.jpg 1536w, https:\/\/www.verdeil.ch\/rovereaz\/wp-content\/uploads\/2022\/07\/Verdeil-92-scaled.jpg 2048w, https:\/\/www.verdeil.ch\/rovereaz\/wp-content\/uploads\/2022\/07\/Verdeil-92-360x240.jpg 360w, https:\/\/www.verdeil.ch\/rovereaz\/wp-content\/uploads\/2022\/07\/Verdeil-92-600x400.jpg 600w\" sizes=\"(max-width: 1024px) 100vw, 1024px\" \/><\/a><\/figure>\n<figcaption class=\"blocks-gallery-caption\">Sorry Greta &#8211; la sc\u00e8ne<\/figcaption><\/figure>\n<\/div>\n<\/div>\n\n\n\n<div class=\"wp-block-columns is-layout-flex wp-container-core-columns-is-layout-28f84493 wp-block-columns-is-layout-flex\">\n<div class=\"wp-block-column is-layout-flow wp-block-column-is-layout-flow\" style=\"flex-basis:100%\">\n<div style=\"width:100%\"><div class=\"wd_error\"><p><strong>There is no gallery selected or the gallery was deleted.<\/strong><\/p><\/div><\/div>\n<\/div>\n<\/div>\n<\/div><\/div>\n\n\n\n<p><\/p>\n<p><\/p>\n<p><\/p>\n\n\n","protected":false},"excerpt":{"rendered":"<p>\u00ab\u00a0Danser est le fin mot de vivre et c&rsquo;est par danser aussi soi-m\u00eame que l&rsquo;on peut seulement connaitre quoi que ce soi : Il faut s&rsquo;approcher en dansant\u00a0\u00bb Jean Dubuffet Quand la joie et la gr\u00e2ce des enfants rencontrent le monde f\u00e9\u00e9rique de Cisco Aznar, cela devient : SORRY GRETA. [&hellip;]<\/p>\n","protected":false},"author":11,"featured_media":936,"parent":0,"menu_order":11,"comment_status":"closed","ping_status":"closed","template":"page-templates\/template-fullwidth.php","meta":{"footnotes":""},"class_list":["post-432","page","type-page","status-publish","has-post-thumbnail","hentry"],"_links":{"self":[{"href":"https:\/\/www.verdeil.ch\/rovereaz\/wp-json\/wp\/v2\/pages\/432","targetHints":{"allow":["GET"]}}],"collection":[{"href":"https:\/\/www.verdeil.ch\/rovereaz\/wp-json\/wp\/v2\/pages"}],"about":[{"href":"https:\/\/www.verdeil.ch\/rovereaz\/wp-json\/wp\/v2\/types\/page"}],"author":[{"embeddable":true,"href":"https:\/\/www.verdeil.ch\/rovereaz\/wp-json\/wp\/v2\/users\/11"}],"replies":[{"embeddable":true,"href":"https:\/\/www.verdeil.ch\/rovereaz\/wp-json\/wp\/v2\/comments?post=432"}],"version-history":[{"count":25,"href":"https:\/\/www.verdeil.ch\/rovereaz\/wp-json\/wp\/v2\/pages\/432\/revisions"}],"predecessor-version":[{"id":1609,"href":"https:\/\/www.verdeil.ch\/rovereaz\/wp-json\/wp\/v2\/pages\/432\/revisions\/1609"}],"wp:featuredmedia":[{"embeddable":true,"href":"https:\/\/www.verdeil.ch\/rovereaz\/wp-json\/wp\/v2\/media\/936"}],"wp:attachment":[{"href":"https:\/\/www.verdeil.ch\/rovereaz\/wp-json\/wp\/v2\/media?parent=432"}],"curies":[{"name":"wp","href":"https:\/\/api.w.org\/{rel}","templated":true}]}}

<blockquote>
<p>« Danser est le fin mot de vivre et c&rsquo;est par danser aussi soi-même que l&rsquo;on peut seulement connaitre quoi que ce soi : Il faut s&rsquo;approcher en dansant »</p>
<p>Jean Dubuffet</p>
</blockquote>



<p>Quand la joie et la grâce des enfants rencontrent le monde féérique de Cisco Aznar, cela devient : SORRY GRETA. Le spectacle magique et lumineux des élèves de l&rsquo;école de Rovéréaz.</p>
<p>Retrouvez toutes les photos de Marion Correvon sur le blog <a href="https://www.verdeil.ch/rovereaz/blog-nos-grands-projets/">Nos grands projets</a>. Ainsi que le magnifique film qui faisait partie du spectacle.</p>



<div class="wp-block-group"><div class="wp-block-group__inner-container is-layout-flow wp-block-group-is-layout-flow">
<div class="wp-block-columns is-layout-flex wp-container-core-columns-is-layout-28f84493 wp-block-columns-is-layout-flex">
<div class="wp-block-column is-layout-flow wp-block-column-is-layout-flow" style="flex-basis:100%">
<figure class="wp-block-gallery has-nested-images columns-default is-cropped wp-block-gallery-1 is-layout-flex wp-block-gallery-is-layout-flex">
<figure class="wp-block-image size-large is-style-default"><a href="https://www.verdeil.ch/rovereaz/wp-content/uploads/2022/07/Verdeil-92-scaled.jpg"><img fetchpriority="high" decoding="async" width="1024" height="683" data-id="936" src="https://www.verdeil.ch/rovereaz/wp-content/uploads/2022/07/Verdeil-92-1024x683.jpg" alt="" class="wp-image-936" srcset="https://www.verdeil.ch/rovereaz/wp-content/uploads/2022/07/Verdeil-92-1024x683.jpg 1024w, https://www.verdeil.ch/rovereaz/wp-content/uploads/2022/07/Verdeil-92-300x200.jpg 300w, https://www.verdeil.ch/rovereaz/wp-content/uploads/2022/07/Verdeil-92-768x512.jpg 768w, https://www.verdeil.ch/rovereaz/wp-content/uploads/2022/07/Verdeil-92-1536x1024.jpg 1536w, https://www.verdeil.ch/rovereaz/wp-content/uploads/2022/07/Verdeil-92-scaled.jpg 2048w, https://www.verdeil.ch/rovereaz/wp-content/uploads/2022/07/Verdeil-92-360x240.jpg 360w, https://www.verdeil.ch/rovereaz/wp-content/uploads/2022/07/Verdeil-92-600x400.jpg 600w" sizes="(max-width: 1024px) 100vw, 1024px" /></a></figure>
<figcaption class="blocks-gallery-caption">Sorry Greta &#8211; la scène</figcaption></figure>
</div>
</div>



<div class="wp-block-columns is-layout-flex wp-container-core-columns-is-layout-28f84493 wp-block-columns-is-layout-flex">
<div class="wp-block-column is-layout-flow wp-block-column-is-layout-flow" style="flex-basis:100%">
<div style="width:100%"><div class="wd_error"><p><strong>There is no gallery selected or the gallery was deleted.</strong></p></div></div>
</div>
</div>
</div></div>



<p></p>
<p></p>
<p></p>

<p>« Danser est le fin mot de vivre et c&rsquo;est par danser aussi soi-même que l&rsquo;on peut seulement connaitre quoi que ce soi : Il faut s&rsquo;approcher en dansant » Jean Dubuffet Quand la joie et la grâce des enfants rencontrent le monde féérique de Cisco Aznar, cela devient : SORRY GRETA. [&hellip;]</p>
