{"id":57,"date":"2015-09-03T14:32:43","date_gmt":"2015-09-03T13:32:43","guid":{"rendered":"http:\/\/www.verdeil.ch\/cftem_est\/?page_id=57"},"modified":"2016-01-04T15:59:06","modified_gmt":"2016-01-04T14:59:06","slug":"hebergement","status":"publish","type":"page","link":"https:\/\/www.verdeil.ch\/cftem_est\/?page_id=57","title":{"rendered":"H\u00e9bergement"},"content":{"rendered":"<p><span style=\"color: #262626;\"><span style=\"font-family: 'Liberation Serif', serif;\"><span style=\"font-size: large;\">Les jeunes vivent sous le m\u00eame toit du lundi au vendredi. Ils sont accompagn\u00e9s par des \u00e9ducateurs, un maitre socio-professionnel, une enseignante ainsi qu&#8217;un-e \u00e9ducateur-trice en formation.<\/span><\/span><\/span><\/p>\n<p><span style=\"color: #262626;\"><span style=\"font-family: 'Liberation Serif', serif;\"><span style=\"font-size: large;\">Les \u00e9ducateurs travaillent avec les jeunes en les accompagnant dans leur d\u00e9veloppement personnel \u00e0 travers divers ateliers d&#8217;expression. Musique, peinture, mais \u00e9galement civisme, sport et culture permettent \u00e0 chacun de d\u00e9couvrir les facettes du monde qui les entoure. En compagnie des \u00e9ducateurs, ils confectionnent leur repas et assurent une partie des nettoyages et de l&#8217;entretien de leur lieu de vie. En classe, il est question de maintenir les acquis scolaires ainsi que de d\u00e9velopper de nouvelles connaissances th\u00e9oriques. Le lien avec la vie r\u00e9elle est le souci constant de l&#8217;enseignante. A l&#8217;atelier, les jeunes se familiarisent aux gestes professionnels \u00e0 travers des travaux de jardinage, de peinture ou de menuiserie. Il s&#8217;agit d&#8217;acqu\u00e9rir non seulement ces \u00ab\u00a0gestes justes\u00a0\u00bb, mais \u00e9galement de travailler l&#8217;endurance et la r\u00e9gularit\u00e9.<\/span><\/span><\/span><\/p>\n<p><a href=\"http:\/\/www.verdeil.ch\/cftem_est\/?cat=10\">Vers le blog du site<\/a><\/p>\n","protected":false},"excerpt":{"rendered":"<p>Les jeunes vivent sous le m\u00eame toit du lundi au vendredi. Ils sont accompagn\u00e9s par des \u00e9ducateurs, un maitre socio-professionnel, une enseignante ainsi qu&#8217;un-e \u00e9ducateur-trice en formation. Les \u00e9ducateurs travaillent avec les jeunes en les accompagnant dans leur d\u00e9veloppement personnel \u00e0 travers divers ateliers d&#8217;expression. Musique, peinture, mais \u00e9galement civisme, sport et culture permettent \u00e0 &hellip; <a href=\"https:\/\/www.verdeil.ch\/cftem_est\/?page_id=57\" class=\"more-link\">Lire la suite <span class=\"screen-reader-text\">H\u00e9bergement<\/span><\/a><\/p>\n","protected":false},"author":14,"featured_media":0,"parent":0,"menu_order":0,"comment_status":"closed","ping_status":"closed","template":"","meta":{"footnotes":""},"class_list":["post-57","page","type-page","status-publish","hentry","without-featured-image"],"_links":{"self":[{"href":"https:\/\/www.verdeil.ch\/cftem_est\/index.php?rest_route=\/wp\/v2\/pages\/57","targetHints":{"allow":["GET"]}}],"collection":[{"href":"https:\/\/www.verdeil.ch\/cftem_est\/index.php?rest_route=\/wp\/v2\/pages"}],"about":[{"href":"https:\/\/www.verdeil.ch\/cftem_est\/index.php?rest_route=\/wp\/v2\/types\/page"}],"author":[{"embeddable":true,"href":"https:\/\/www.verdeil.ch\/cftem_est\/index.php?rest_route=\/wp\/v2\/users\/14"}],"replies":[{"embeddable":true,"href":"https:\/\/www.verdeil.ch\/cftem_est\/index.php?rest_route=%2Fwp%2Fv2%2Fcomments&post=57"}],"version-history":[{"count":6,"href":"https:\/\/www.verdeil.ch\/cftem_est\/index.php?rest_route=\/wp\/v2\/pages\/57\/revisions"}],"predecessor-version":[{"id":169,"href":"https:\/\/www.verdeil.ch\/cftem_est\/index.php?rest_route=\/wp\/v2\/pages\/57\/revisions\/169"}],"wp:attachment":[{"href":"https:\/\/www.verdeil.ch\/cftem_est\/index.php?rest_route=%2Fwp%2Fv2%2Fmedia&parent=57"}],"curies":[{"name":"wp","href":"https:\/\/api.w.org\/{rel}","templated":true}]}}